).
11
Let i(q) = -2*q**3 + 18*q**2 + 204*q - 2427. Give i(11).
-667
Let j(p) = -4102*p - 14952. Give j(-3).
-2646
Let x(i) = -244*i + 18243. Give x(74).
187
Let z(m) = -14*m**2 + 13*m + 44. What is z(-15)?
-3301
Let z(s) = 5038*s**3 - 6*s**2 - 13*s + 19. Determine z(1).
5038
Let f(c) = -c**3 - 2*c**2 + 180*c + 732. Determine f(14).
116
Let l(h) = h**3 + 65*h**2 - 292*h - 8420. Determine l(-10).
0
Let g(a) = 281805*a + 5072483. Give g(-18).
-7
Let i(b) = 96*b - 4264. What is i(34)?
-1000
Let m(r) = -r**3 + 26*r**2 - 121*r - 16. What is m(13)?
608
Let w(p) = 655*p + 167490. Calculate w(-256).
-190
Let x(h) = h**3 + 4*h**2 - 25*h - 190. Determine x(7).
174
Let f(o) = -2*o**2 + 285*o - 469. What is f(137)?
1038
Let t(f) = 446*f**2 - 84*f + 89. Calculate t(1).
451
Let i(q) = -q**3 - 110*q**2 - 1938*q - 67. Calculate i(-22).
-23
Let y(h) = -h**2 - 6319*h - 356937. Give y(-57).
-3
Let g(b) = -63*b + 7941. What is g(90)?
2271
Let b(l) = -3*l**2 - 1808*l + 53014. What is b(28)?
38
Let r(i) = i**2 - 2288*i - 41575. Give r(-18).
-67
Let c(v) = 189865*v - 569590. Calculate c(3).
5
Let p(n) = -664*n - 53763. Give p(-81).
21
Let q(u) = 18*u**2 + 5175*u + 2910. What is q(-287)?
327
Let v(j) = 2*j**3 - 62*j**2 - j - 74. Determine v(31).
-105
Let k(d) = 56088*d - 616893. Determine k(11).
75
Let c(x) = -180*x**3 + 4319*x**2 + 37*x - 310. What is c(24)?
2
Let m(i) = i**2 - 822218*i - 10689007. Give m(-13).
-4
Let p(x) = -10*x**3 - 2*x**2 + 129*x + 253. Give p(-2).
67
Let w(o) = -o**3 - 54*o**2 + 43*o - 693. What is w(-55)?
-33
Let c(v) = 2257*v - 72144. Calculate c(32).
80
Let x(l) = 14867*l + 74289. What is x(-5)?
-46
Let i(h) = 3*h**3 - 1015*h**2 + 11118*h - 18. What is i(327)?
-18
Let j(f) = 111*f - 3012. What is j(34)?
762
Let j(l) = 126536*l - 759227. What is j(6)?
-11
Let v(d) = 3*d**3 - 44*d**2 + 148*d + 277. Calculate v(5).
292
Let a(w) = 1413*w**2 - 83368*w + 66. Calculate a(59).
7
Let y(k) = 5*k**3 + 34*k**2 - 75*k + 233. Give y(-9).
17
Let u(q) = q**3 + 57*q**2 + 633*q + 29. What is u(-12)?
-1087
Let g(r) = 2*r**3 - 58*r**2 + 46*r - 278. Calculate g(26).
-3138
Let s(u) = -u**2 + 1486*u + 7418. Give s(-5).
-37
Let h(n) = n**2 + 11918*n - 107364. What is h(9)?
-21
Let k(j) = 1104*j + 295875. Calculate k(-268).
3
Let i(v) = -v**3 + 103*v**2 - 737*v - 1202. Give i(95).
983
Let y(x) = -29*x**3 + 3267*x**2 + 4466*x - 2286. Calculate y(114).
-6
Let d(n) = -241*n**2 - 379*n - 1150. Give d(-3).
-2182
Let u(b) = -b**3 - b**2 - 216*b - 984. Give u(-4).
-72
Let v(a) = a**3 - 245*a**2 + 698*a - 110797. What is v(244)?
-21
Let p(x) = -1357*x + 25559. Calculate p(18).
1133
Let d(h) = h**3 - 4*h**2 - 4543*h + 36371. Calculate d(8).
283
Let b(d) = 74639*d + 671751. Determine b(-9).
0
Let v(l) = 5*l**2 - 4320*l + 12942. What is v(3)?
27
Let i(k) = k**3 - 412*k**2 + 25495*k + 13768. What is i(336)?
-8
Let w(h) = 62*h**2 + 1441*h - 8. Determine w(-25).
2717
Let g(x) = 126*x**3 + 25*x**2 + 49*x + 5. Give g(-2).
-1001
Let q(g) = -g**3 - 77*g**2 - 620*g - 493. Calculate q(-68).
51
Let y(t) = -554*t + 30. Calculate y(-4).
2246
Let q(h) = 2341*h + 86555. Give q(-37).
-62
Let g(l) = 3214*l + 3146549. Calculate g(-979).
43
Let u(t) = -352*t - 44353. Determine u(-126).
-1
Let a(x) = 880*x - 16932. Give a(19).
-212
Let f(x) = -x**3 + 29*x**2 - 2472*x + 11765. Give f(5).
5
Let b(o) = o**2 - 94*o - 159. Give b(104).
881
Let g(k) = 2*k**3 + 84*k**2 - 242*k - 13269. Give g(-41).
15
Let o(a) = -a**2 + 580*a - 69920. Give o(171).
19
Let a(v) = 2738*v - 350481. Calculate a(128).
-17
Let c(h) = 2400*h + 1905585. Give c(-794).
-15
Let c(a) = -32*a**2 + 657*a + 4667. Determine c(-7).
-1500
Let y(f) = f**3 - 32*f**2 + 669*f - 21390. Calculate y(32).
18
Let k(c) = c**2 + 11008*c + 526063. Determine k(-48).
-17
Let w(i) = -21*i**2 + 361*i - 108. Give w(17).
-40
Let m(t) = t**3 - 270*t**2 + 18*t - 5002. Determine m(270).
-142
Let b(w) = -w**3 - 12*w**2 - 563*w - 3944. Give b(-7).
-248
Let m(b) = b**2 - 85*b - 1574. Give m(-16).
42
Let t(g) = 3*g**3 + 1286*g**2 - 496*g - 28751. Determine t(-429).
-8
Let d(c) = c**2 - 9516*c + 444800. What is d(47)?
-243
Let h(p) = -15844*p - 4309630. Give h(-272).
-62
Let b(t) = -6*t**3 + 1308*t**2 - 31917*t - 564. Calculate b(190).
6
Let g(p) = 308*p**2 + 131825*p + 415. What is g(-428)?
-13
Let o(y) = 4*y**3 + 35*y**2 + 65*y + 681. Give o(-9).
15
Let d(m) = 3*m**2 - 113042*m + 678225. Give d(6).
81
Let c(d) = 117628*d + 6587163. Determine c(-56).
-5
Let b(f) = -1239*f + 6364. What is b(5)?
169
Let v(p) = -13*p**2 - 98*p + 1280. Calculate v(7).
-43
Let g(y) = 686*y**2 + 1158*y + 475. Give g(-1).
3
Let m(f) = 85916*f + 2663395. Determine m(-31).
-1
Let x(r) = 42*r - 3293. Give x(103).
1033
Let y(i) = 4*i**3 - 33*i**2 + 3*i + 333. Calculate y(9).
603
Let i(s) = -922*s - 9809. Give i(-11).
333
Let l(y) = -833975*y - 30023098. Determine l(-36).
2
Let h(j) = -10*j**2 + 183*j + 1677. Give h(-7).
-94
Let r(g) = -2*g**3 + 95*g**2 - 61*g + 841. What is r(47)?
183
Let w(h) = -19*h**2 + 96595*h - 386359. Determine w(4).
-283
Let c(w) = w**2 - 105*w - 11283. Determine c(171).
3
Let m(g) = -1401*g - 12178. Calculate m(-9).
431
Let n(f) = f**3 + 393*f**2 - 1115*f - 438188. Determine n(-393).
7
Let j(u) = -u**3 - 520*u**2 + 3656*u + 20. What is j(7)?
-211
Let x(i) = -19*i**2 + 123*i - 270. What is x(5)?
-130
Let z(h) = -31*h**2 - 1658*h - 160. Determine z(-52).
2232
Let t(c) = -11*c**3 - 1420*c**2 - 342*c - 27469. Determine t(-129).
8
Let i(c) = 5096*c + 20198. What is i(-4)?
-186
Let l(z) = 963*z - 15429. Calculate l(16).
-21
Let b(a) = -663*a + 14. Calculate b(1).
-649
Let x(z) = 5*z**2 + 145*z - 1157. Determine x(8).
323
Let x(k) = -k**3 + 27*k**2 + 7232*k - 125832. What is x(17)?
2
Let x(i) = 726*i**2 - 10901*i + 165. Calculate x(15).
0
Let f(y) = -762*y + 163912. Give f(215).
82
Let r(g) = -2*g**3 - 13675*g + 27358. Calculate r(2).
-8
Let s(n) = -5*n**2 - 29*n + 190. What is s(4)?
-6
Let p(o) = -109*o + 4110. Determine p(38).
-32
Let h(z) = -z**3 + 93*z**2 + 8*z - 467. What is h(93)?
277
Let s(b) = 88*b**3 + 39*b**2 - 179*b + 50. Give s(4).
5590
Let c(i) = 2259*i - 54189. Calculate c(24).
27
Let k(v) = -3703*v + 66170. Give k(18).
-484
Let s(x) = -238*x + 40747. Calculate s(172).
-189
Let d(w) = 58663*w - 29624821. Determine d(505).
-6
Let k(h) = -2495*h**3 - 36*h**2 + 24*h + 9. Calculate k(1).
-2498
Let w(b) = 19*b**2 - 115797*b - 347394. Give w(-3).
168
Let q(p) = -136*p - 890. What is q(-19)?
1694
Let h(o) = -827*o + 3968. Determine h(6).
-994
Let a(g) = 2*g**3 - 50*g**2 + 222*g - 763. What is a(20)?
-323
Let m(s) = -347*s**2 + 274*s + 834. Give m(2).
-6
Let z(m) = 2*m**2 - 289*m - 2784. Give z(154).
142
Let i(p) = 439*p**3 - 15361*p**2 - 142*p + 55. Calculate i(35).
-15
Let o(c) = 3*c**2 + 422*c + 6816. What is o(-122)?
-16
Let s(i) = -4*i**3 + 875*i**2 - 618*i - 7973. Give s(218).
-125
Let s(w) = w**3 - 10*w**2 + 1967*w - 9775. Calculate s(5).
-65
Let f(v) = -7018*v - 84359. Calculate f(-12).
-143
Let s(d) = 2*d**3 + 9*d**2 - 1592*d - 4794. Calculate s(-3).
9
Let u(j) = j**3 - 260*j**2 + 516*j - 4876. Calculate u(258).
-4876
Let l(v) = 24*v**3 + 533*v**2 + 27*v - 76. Calculate l(-22).
1750
Let u(w) = -804*w - 7626. What is u(-8)?
-1194
Let g(o) = -3*o**3 - 43*o**2 + 122*o + 265. What is g(-16)?
-407
Let b(t) = 43*t - 5859. Determine b(124).
-527
Let u(p) = 12846*p + 154163. Determine u(-12).
11
Let t(f) = -11*f**2 + 191083*f - 1527959. Give t(8).
1
Let m(k) = 152585*k**2 - 3662036*k - 93. What is m(24)?
3
Let a(n) = -9*n**2 - 194*n - 3. Determine a(-28).
-1627
Let d(r) = -22*r**3 - 1254*r**2 + 39*r + 2226. Calculate d(-57).
3
Let b(f) = -2*f**2 - 187846*f + 1878666. Give b(10).
6
Let v(n) = 2*n**3 + 2*n**2 - 495*n + 493. Give v(1).
2
Let y(m) = 597*m**2 + 21509*m + 643. What is y(-36)?
31
Let k(s) = -7796*s + 116936. Determine k(15).
-4
Let k(j) = 78210*j - 2580983. Calculate k(33).
-53
Let i(l) = -25*l**2 + 2796*l + 3278. What is i(113)?
1
Let u(j) = 17623*j - 104801. What is u(6)?
937
Let y(f) = 5*f**3 + 40*f**2 + 9*f + 60. Determine y(-8).
-12
Let j(t) = 77*t**3 - 973*t**2 + 3034*t + 16. Calculate j(7).
-12
Let h(y) = y**3 - 1111*y**2 - 6734*y - 84. Determine h(-6).
108
Let i(y) = 325*y - 1040. Calculate i(4).
260
Let q(m) = 2*m**2 - 307*m + 4425. Calculate